{"id":3806,"date":"2017-04-28T14:47:02","date_gmt":"2017-04-28T14:47:02","guid":{"rendered":"http:\/\/mrmags.ca\/magsmeilleurprix\/?page_id=3806"},"modified":"2017-05-04T17:39:19","modified_gmt":"2017-05-04T17:39:19","slug":"reparation-pare-brise-installation-et-reparation-de-pare-brise","status":"publish","type":"page","link":"https:\/\/mrmags.ca\/magsmeilleurprix\/reparation-pare-brise-installation-et-reparation-de-pare-brise\/","title":{"rendered":"Installation et r\u00e9paration de pare-brise"},"content":{"rendered":"<div class=\"wpb-content-wrapper\"><p>[vc_row full_width=\u00a0\u00bbstretch_row_content_no_spaces\u00a0\u00bb equal_height=\u00a0\u00bbyes\u00a0\u00bb css=\u00a0\u00bb.vc_custom_1493561452918{padding-bottom: 100px !important;}\u00a0\u00bb][vc_column width=\u00a0\u00bb1\/2&Prime; css=\u00a0\u00bb.vc_custom_1492521932845{background-image: url(https:\/\/mrmags.ca\/magsmeilleurprix\/wp-content\/uploads\/2015\/09\/MrMags-meilleures-replacement-reparation-parebrise.jpg?id=3580) !important;background-position: center !important;background-repeat: no-repeat !important;background-size: cover !important;}\u00a0\u00bb][\/vc_column][vc_column width=\u00a0\u00bb1\/2&Prime;][vc_column_text css=\u00a0\u00bb.vc_custom_1492522981669{padding-top: 80px !important;padding-right: 40px !important;padding-bottom: 20px !important;padding-left: 40px !important;}\u00a0\u00bb]<\/p>\n<h1><span style=\"color: #fbb714;\">Installation et r\u00e9paration de pare-brise<\/span><\/h1>\n<p>Que vous ayez un v\u00e9hicule plus r\u00e9cent ou quelque chose de plus ancien, vous avez besoin d&rsquo;\u00eatre en s\u00e9curit\u00e9. Avec ses ann\u00e9es d&rsquo;exp\u00e9rience dans le domaine, Mr Mags vous offre la qualit\u00e9 optimale pour vos r\u00e9parations et le remplacement de pare-brise, et ce de la plus haute qualit\u00e9 pour nos clients. Nos techniciens qualifi\u00e9s utilisent les meilleurs produits\u00a0pour le remplacement de votre pare-brise, assurant une installation de qualit\u00e9.[\/vc_column_text][vc_btn title=\u00a0\u00bbDemandez une estimation d\u00e8s maintenant\u00a0\u00bb style=\u00a0\u00bbclassic\u00a0\u00bb color=\u00a0\u00bbwarning\u00a0\u00bb el_class=\u00a0\u00bbbouton\u00a0\u00bb css=\u00a0\u00bb.vc_custom_1493562463110{padding-right: 40px !important;padding-bottom: 80px !important;padding-left: 40px !important;}\u00a0\u00bb link=\u00a0\u00bburl:http%3A%2F%2Fmrmags.ca%2Fmagsmeilleurprix%2Ffr%2Fdemandez-une-estimation-des-maintenant%2F|||\u00a0\u00bb][\/vc_column][\/vc_row]<\/p>\n<\/div>","protected":false},"excerpt":{"rendered":"<p>[vc_row full_width=\u00a0\u00bbstretch_row_content_no_spaces\u00a0\u00bb equal_height=\u00a0\u00bbyes\u00a0\u00bb css=\u00a0\u00bb.vc_custom_1493561452918{padding-bottom: 100px !important;}\u00a0\u00bb][vc_column width=\u00a0\u00bb1\/2&Prime; css=\u00a0\u00bb.vc_custom_1492521932845{background-image: url(https:\/\/mrmags.ca\/magsmeilleurprix\/wp-content\/uploads\/2015\/09\/MrMags-meilleures-replacement-reparation-parebrise.jpg?id=3580) !important;background-position: center !important;background-repeat: no-repeat !important;background-size: cover !important;}\u00a0\u00bb][\/vc_column][vc_column width=\u00a0\u00bb1\/2&Prime;][vc_column_text css=\u00a0\u00bb.vc_custom_1492522981669{padding-top: 80px !important;padding-right: 40px !important;padding-bottom: 20px !important;padding-left: 40px !important;}\u00a0\u00bb] Installation et r\u00e9paration de pare-brise Que vous ayez un v\u00e9hicule plus r\u00e9cent ou quelque chose de plus ancien, vous avez besoin d&rsquo;\u00eatre en s\u00e9curit\u00e9. Avec ses ann\u00e9es d&rsquo;exp\u00e9rience dans [&hellip;]<\/p>\n","protected":false},"author":1,"featured_media":0,"parent":0,"menu_order":0,"comment_status":"closed","ping_status":"closed","template":"","meta":{"om_disable_all_campaigns":false,"_exactmetrics_skip_tracking":false,"_exactmetrics_sitenote_active":false,"_exactmetrics_sitenote_note":"","_exactmetrics_sitenote_category":0,"_monsterinsights_skip_tracking":false,"_monsterinsights_sitenote_active":false,"_monsterinsights_sitenote_note":"","_monsterinsights_sitenote_category":0,"footnotes":""},"class_list":["post-3806","page","type-page","status-publish","hentry"],"aioseo_notices":[],"_links":{"self":[{"href":"https:\/\/mrmags.ca\/magsmeilleurprix\/wp-json\/wp\/v2\/pages\/3806"}],"collection":[{"href":"https:\/\/mrmags.ca\/magsmeilleurprix\/wp-json\/wp\/v2\/pages"}],"about":[{"href":"https:\/\/mrmags.ca\/magsmeilleurprix\/wp-json\/wp\/v2\/types\/page"}],"author":[{"embeddable":true,"href":"https:\/\/mrmags.ca\/magsmeilleurprix\/wp-json\/wp\/v2\/users\/1"}],"replies":[{"embeddable":true,"href":"https:\/\/mrmags.ca\/magsmeilleurprix\/wp-json\/wp\/v2\/comments?post=3806"}],"version-history":[{"count":4,"href":"https:\/\/mrmags.ca\/magsmeilleurprix\/wp-json\/wp\/v2\/pages\/3806\/revisions"}],"predecessor-version":[{"id":3893,"href":"https:\/\/mrmags.ca\/magsmeilleurprix\/wp-json\/wp\/v2\/pages\/3806\/revisions\/3893"}],"wp:attachment":[{"href":"https:\/\/mrmags.ca\/magsmeilleurprix\/wp-json\/wp\/v2\/media?parent=3806"}],"curies":[{"name":"wp","href":"https:\/\/api.w.org\/{rel}","templated":true}]}}